37306901 a prime number?
True
Is 296341501 prime?
False
Is 1888609 composite?
False
Is 1123457 prime?
False
Is 43604555 prime?
False
Is 563009 prime?
True
Is 127264661 composite?
False
Is 55809263 a composite number?
False
Is 6254593 prime?
True
Is 59497 prime?
True
Is 24924833 a prime number?
False
Is 25246627 a composite number?
True
Is 40317293 composite?
True
Is 35338 prime?
False
Is 165812539 prime?
False
Is 3971458 a prime number?
False
Is 128337041 a prime number?
False
Is 27794717 a prime number?
True
Is 3188013 a composite number?
True
Is 20214581 a composite number?
True
Is 56687807 a composite number?
True
Is 1708934 prime?
False
Is 16806599 composite?
False
Is 3012877 composite?
True
Is 28273281 a composite number?
True
Is 19749805 a prime number?
False
Is 106470347 a prime number?
True
Is 146925191 a composite number?
True
Is 2699731 composite?
True
Is 87466889 a composite number?
False
Is 6759943 a prime number?
True
Is 20280743 prime?
False
Is 26715835 a composite number?
True
Is 22248703 a composite number?
False
Is 67781863 prime?
True
Is 1745563 composite?
True
Is 4288657 composite?
True
Is 1729536007 a prime number?
True
Is 47334809 a composite number?
False
Is 9663187 prime?
True
Is 13189499 composite?
False
Is 682183 prime?
True
Is 302840683 composite?
True
Is 285229801 composite?
False
Is 34366559 a composite number?
True
Is 1467995 composite?
True
Is 972814 a prime number?
False
Is 113847173 a prime number?
False
Is 1172971 a composite number?
True
Is 1771261 a composite number?
False
Is 16390769 a prime number?
False
Is 214723581 a composite number?
True
Is 940421 a prime number?
True
Is 250059883 composite?
True
Is 6258911 a prime number?
True
Is 1284169 a composite number?
False
Is 23002327 prime?
True
Is 21805253 composite?
True
Is 27072191 composite?
False
Is 19958167 prime?
True
Is 4937567 prime?
False
Is 15894937 composite?
False
Is 15909734 a composite number?
True
Is 87520483 a prime number?
True
Is 23713579 a composite number?
False
Is 429020645 a composite number?
True
Is 21164191 composite?
True
Is 2062769 composite?
True
Is 12403603 composite?
True
Is 2442149 composite?
True
Is 24000233 a composite number?
False
Is 957409 a prime number?
True
Is 45035981 a composite number?
False
Is 326920733 a composite number?
True
Is 21305551 prime?
True
Is 117184163 composite?
False
Is 70813213 a prime number?
True
Is 383815543 composite?
False
Is 253991971 prime?
True
Is 4725883 a composite number?
False
Is 2693949 a prime number?
False
Is 93366347 a composite number?
False
Is 74576641 a composite number?
False
Is 3871271 a prime number?
True
Is 10166594 prime?
False
Is 43533559 a composite number?
False
Is 1942627 a composite number?
False
Is 957888565 composite?
True
Is 80897 composite?
False
Is 438913 prime?
True
Is 260345401 a composite number?
True
Is 2094473 composite?
False
Is 1222913 prime?
True
Is 13135279 a composite number?
False
Is 28914269 composite?
False
Is 882326365 a prime number?
False
Is 67047041 a prime number?
False
Is 43579267 composite?
False
Is 2850619 composite?
False
Is 462755 prime?
False
Is 81319711 a composite number?
True
Is 106962637 a prime number?
False
Is 677135 a composite number?
True
Is 20454001 a prime number?
True
Is 515329807 composite?
False
Is 2157391 a composite number?
False
Is 251723 prime?
False
Is 12363331 a prime number?
True
Is 213566491 prime?
True
Is 25029177 prime?
False
Is 83708686 composite?
True
Is 17306923 a prime number?
False
Is 18324203 composite?
True
Is 32696057 a prime number?
False
Is 18878807 a prime number?
True
Is 13886065 prime?
False
Is 39652801 a composite number?
True
Is 5333641 a prime number?
False
Is 22553497 composite?
False
Is 1505451 a composite number?
True
Is 83875811 prime?
True
Is 4389131 prime?
True
Is 3063539 a composite number?
False
Is 69348493 composite?
True
Is 299039 a composite number?
True
Is 1350959 a composite number?
False
Is 1373615 a composite number?
True
Is 83062909 a composite number?
False
Is 36835019 composite?
True
Is 404391379 a composite number?
True
Is 447751 a prime number?
False
Is 712667 a composite number?
True
Is 85381 prime?
True
Is 198089979 composite?
True
Is 1667217 a prime number?
False
Is 7201949 composite?
False
Is 161959703 prime?
False
Is 51221462 prime?
False
Is 1240471 prime?
False
Is 35645921 prime?
True
Is 5029951 prime?
True
Is 127923109 composite?
False
Is 10231511 prime?
True
Is 1254349 a composite number?
True
Is 578923 composite?
False
Is 10876837 composite?
False
Is 21467653 a composite number?
False
Is 193481 prime?
False
Is 2856773 a prime number?
True
Is 167261663 prime?
True
Is 6863609 prime?
False
Is 528247 a prime number?
True
Is 181387183 a composite number?
False
Is 2031671 a prime number?
True
Is 77995483 prime?
False
Is 567764467 composite?
True
Is 15150203 prime?
False
Is 4026655 composite?
True
Is 3383671 a prime number?
False
Is 1370021 a composite number?
True
Is 685943 prime?
False
Is 79540933 prime?
True
Is 415354321 composite?
False
Is 7047947 a prime number?
True
Is 237701 a composite number?
False
Is 7145561 prime?
False
Is 18745187 prime?
True
Is 924551 a prime number?
True
Is 7762873 composite?
False
Is 19700293 prime?
True
Is 2205107 prime?
True
Is 57599359 prime?
False
Is 42474493 a prime number?
True
Is 2353138193 a prime number?
False
Is 105667 a prime number?
True
Is 60206443 a prime number?
False
Is 2885947 a prime number?
True
Is 13590289 a composite number?
True
Is 56782679 a composite number?
True
Is 4854839 composite?
True
Is 9481739 a composite number?
False
Is 55492439 composite?
True
Is 41801791 prime?
False
Is 8185129 a composite number?
True
Is 2397569 a composite number?
False
Is 146091769 composite?
True
Is 4858519 a composite number?
False
Is 346169 a prime number?
True
Is 122351 composite?
True
Is 4996321 a composite number?
True
Is 695347 a composite number?
False
Is 722167651 prime?
True
Is 11323093 prime?
False
Is 702019 composite?
True
Is 20597401 a composite number?
True
Is 90279157 composite?
False
Is 9240601 prime?
True
Is 84195343 prime?
True
Is 3081119 a composite number?
False
Is 141208513 a prime number?
False
Is 8989903 a prime number?
False
Is 329344359 a composite number?
True
Is 1162141 composite?
True
Is 18813401 a prime number?
False
Is 1362241 a composite number?
True
Is 91972723 a composite number?
False
Is 82964951 prime?
True
Is 656471 composite?
False
Is 146356351 a composite number?
False
Is 16485527 a prime number?
True
Is 61350533 a composite number?
False
Is 10687469 prime?
False
Is 873247 a prime number?
True
Is 91111343 a composite number?
False
Is 14787749 prime?
True
Is 70380913 a composite number?
False
Is 22535021 composite?
False
Is 55730903 a composite number?
False
Is 186763619 prime?
False
Is 438131 a composite number?
False
Is 413209 prime?
False
Is 5473829 prime?
False
Is 2138221 composite?
False
Is 82643809 a composite number?
False
Is 3208721 prime?
True
Is 1630243 prime?
True
Is 3800189 composite?
True
Is 3129439 composite?
False
Is 52462831 a prime number?
True
Is 12162169 composite?
False
Is 202236107 composite?
False
Is 8125691 a prime number?
False
Is 13421939 a composite number?
True
Is 108889307 composite?
False
Is 71704343 a prime number?
True
Is 42763961 composite?
False
Is 17100149 prime?
False
Is 78011197 a prime number?
False
Is 15591113 composite?
True
Is 4523977 composite?
True
Is 6301669 composite?
True
Is 826117 prime?
False
Is 27675253 a composite number?
False
Is 37524261 composite?
True
Is 153504707 a composite number?
False
Is 13550239 composite?
True
Is 57543 prime?
False
Is 9631913 composite?
False
Is 2081951 a composite number?
True
Is 1292887 a prime number?
True
Is 24449547 composite?
True
Is 17306729 a prime number?
False
Is 174617 composite?
False
Is 2519585581 a prime number?
True
Is 8499361 prime?
False
Is 306091 a prime number?
True
Is 3433805 a prime number?
False
Is 14331023 composite?
True
Is 3396313 a prime number?
True
Is 1164421 a composite number?
True
Is 921659 composite?
True
Is 193199 a prime number?
False
Is 30381077 a prime number?
False
Is 1054483477 a composite number?
False
Is 208188389 composite?
False
Is 4336061 composite?
False
Is 32541931 a prime number?
False
Is 